the remainder when 76 is divided by 45.
31
What is the remainder when 484 is divided by 56?
36
Calculate the remainder when 517 is divided by 133.
118
What is the remainder when 221 is divided by 48?
29
Calculate the remainder when 57 is divided by 31.
26
What is the remainder when 225 is divided by 30?
15
What is the remainder when 185 is divided by 60?
5
What is the remainder when 188 is divided by 20?
8
What is the remainder when 302 is divided by 196?
106
What is the remainder when 324 is divided by 65?
64
What is the remainder when 548 is divided by 110?
108
What is the remainder when 2129 is divided by 52?
49
Calculate the remainder when 1494 is divided by 48.
6
Calculate the remainder when 118 is divided by 79.
39
What is the remainder when 12 is divided by 9?
3
Calculate the remainder when 14703 is divided by 57.
54
What is the remainder when 40 is divided by 7?
5
Calculate the remainder when 658 is divided by 137.
110
What is the remainder when 5105 is divided by 46?
45
What is the remainder when 637 is divided by 108?
97
What is the remainder when 993 is divided by 327?
12
Calculate the remainder when 264 is divided by 89.
86
Calculate the remainder when 201 is divided by 44.
25
What is the remainder when 181 is divided by 19?
10
What is the remainder when 1847 is divided by 74?
71
Calculate the remainder when 66 is divided by 36.
30
What is the remainder when 155 is divided by 23?
17
Calculate the remainder when 15457 is divided by 59.
58
Calculate the remainder when 1330 is divided by 31.
28
Calculate the remainder when 1027 is divided by 486.
55
Calculate the remainder when 192 is divided by 13.
10
Calculate the remainder when 204 is divided by 56.
36
What is the remainder when 14499 is divided by 125?
124
Calculate the remainder when 270 is divided by 87.
9
What is the remainder when 345 is divided by 338?
7
What is the remainder when 273 is divided by 32?
17
What is the remainder when 1105 is divided by 15?
10
What is the remainder when 8213 is divided by 2735?
8
Calculate the remainder when 164 is divided by 11.
10
Calculate the remainder when 777 is divided by 26.
23
What is the remainder when 89 is divided by 27?
8
What is the remainder when 2256 is divided by 9?
6
What is the remainder when 312 is divided by 35?
32
Calculate the remainder when 1203 is divided by 135.
123
Calculate the remainder when 280 is divided by 47.
45
What is the remainder when 490 is divided by 2?
0
Calculate the remainder when 4833 is divided by 39.
36
Calculate the remainder when 13328 is divided by 62.
60
What is the remainder when 148 is divided by 65?
18
Calculate the remainder when 13086 is divided by 4353.
27
Calculate the remainder when 56 is divided by 17.
5
What is the remainder when 178 is divided by 4?
2
Calculate the remainder when 425 is divided by 204.
17
What is the remainder when 152 is divided by 46?
14
Calculate the remainder when 237 is divided by 5.
2
What is the remainder when 35 is divided by 32?
3
Calculate the remainder when 103 is divided by 13.
12
What is the remainder when 238 is divided by 86?
66
Calculate the remainder when 65 is divided by 18.
11
What is the remainder when 1123 is divided by 162?
151
Calculate the remainder when 227 is divided by 58.
53
What is the remainder when 215 is divided by 12?
11
Calculate the remainder when 2005 is divided by 53.
44
Calculate the remainder when 606 is divided by 22.
12
Calculate the remainder when 443 is divided by 108.
11
Calculate the remainder when 354 is divided by 68.
14
Calculate the remainder when 897 is divided by 50.
47
Calculate the remainder when 527 is divided by 106.
103
Calculate the remainder when 120 is divided by 20.
0
Calculate the remainder when 680 is divided by 36.
32
What is the remainder when 59 is divided by 20?
19
Calculate the remainder when 5180 is divided by 144.
140
What is the remainder when 118 is divided by 34?
16
What is the remainder when 600 is divided by 86?
84
Calculate the remainder when 151 is divided by 75.
1
Calculate the remainder when 85 is divided by 14.
1
What is the remainder when 80 is divided by 34?
12
Calculate the remainder when 2231 is divided by 9.
8
Calculate the remainder when 65 is divided by 1.
0
Calculate the remainder when 5103 is divided by 138.
135
What is the remainder when 92 is divided by 19?
16
Calculate the remainder when 719 is divided by 244.
231
What is the remainder when 374 is divided by 63?
59
Calculate the remainder when 1082 is divided by 93.
59
What is the remainder when 174 is divided by 86?
2
Calculate the remainder when 483 is divided by 84.
63
What is the remainder when 1623 is divided by 538?
9
Calculate the remainder when 307 is divided by 5.
2
Calculate the remainder when 771 is divided by 44.
23
What is the remainder when 154 is divided by 20?
14
What is the remainder when 2770 is divided by 276?
10
What is the remainder when 265 is divided by 14?
13
Calculate the remainder when 8926 is divided by 124.
122
What is the remainder when 3464 is divided by 63?
62
What is the remainder when 4468 is divided by 264?
244
What is the remainder when 88 is divided by 45?
43
Calculate the remainder when 136 is divided by 39.
19
What is the remainder when 754 is divided by 43?
23
Calculate the remainder when 180 is divided by 91.
89
What is the remainder when 2212 is divided by 57?
46
Calculate the remainder when 391 is divided by 126.
13
Calculate the remainder when 29 is divided by 10.
9
Calculate the remainder when 814 is divided by 79.
24
Calculate the remainder when 36 is divided by 11.
3
What is the remainder when 160 is divided by 145?
15
Calculate the remainder when 511 is divided by 90.
61
Calculate the remainder when 22 is divided by 12.
10
Calculate the remainder when 25 is divided by 3.
1
Calculate the remainder when 119 is divided by 95.
24
Calculate the remainder when 10909 is divided by 176.
173
What is the remainder when 1454 is divided by 8?
6
What is the remainder when 726 is divided by 91?
89
Calculate the remainder when 63 is divided by 40.
23
Calculate the remainder when 2939 is divided by 968.
35
What is the remainder when 189 is divided by 99?
90
Calculate the remainder when 69 is divided by 12.
9
Calculate the remainder when 837 is divided by 60.
57
What is the remainder when 3337 is divided by 9?
7
Calculate the remainder when 59 is divided by 37.
22
Calculate the remainder when 243 is divided by 49.
47
What is the remainder when 1518 is divided by 40?
38
What is the remainder when 1029 is divided by 103?
102
Calculate the remainder when 53 is divided by 35.
18
Calculate the remainder when 578 is divided by 22.
6
What is the remainder when 160 is divided by 89?
71
Calculate the remainder when 1044 is divided by 22.
10
What is the remainder when 246 is divided by 126?
120
What is the remainder when 568 is divided by 122?
80
What is the remainder when 83 is divided by 26?
5
Calculate the remainder when 863 is divided by 11.
5
Calculate the remainder when 2464 is divided by 41.
4
Calculate the remainder when 277 is divided by 7.
4
Calculate the remainder when 72895 is divided by 33.
31
Calculate the remainder when 1737 is divided by 37.
35
Calculate the remainder when 267 is divided by 125.
17
What is the remainder when 177 is divided by 41?
13
What is the remainder when 465 is divided by 237?
228
Calculate the remainder when 345 is divided by 70.
65
Calculate the remainder when 791 is divided by 753.
38
What is the remainder when 868 is divided by 278?
34
What is the remainder when 730 is divided by 84?
58
What is the remainder when 241 is divided by 219?
22
What is the remainder when 1602 is divided by 199?
10
What is the remainder when 137 is divided by 10?
7
Calculate the remainder when 28 is divided by 5.
3
What is the remainder when 663 is divided by 56?
47
Calculate the remainder when 103 is divided by 53.
50
Calculate the remainder when 314 is divided by 152.
10
Calculate the remainder when 80 is divided by 28.
24
Calculate the remainder when 3034 is divided by 20.
14
What is the remainder when 695 is divided by 228?
11
What is the remainder when 3717 is divided by 12?
9
What is the remainder when 51 is divided by 12?
3
Calculate the remainder when 1828 is divided by 377.
320
C